1995 is divided by 93.
91
Calculate the remainder when 4004 is divided by 1029.
917
What is the remainder when 50870 is divided by 1883?
29
What is the remainder when 29326 is divided by 274?
8
What is the remainder when 58272 is divided by 3110?
2292
Calculate the remainder when 6545 is divided by 115.
105
What is the remainder when 75421 is divided by 32?
29
What is the remainder when 218640 is divided by 188?
184
Calculate the remainder when 2610 is divided by 83.
37
What is the remainder when 3577 is divided by 1175?
52
What is the remainder when 1883 is divided by 1387?
496
What is the remainder when 2129 is divided by 110?
39
What is the remainder when 4012 is divided by 142?
36
Calculate the remainder when 143 is divided by 131.
12
What is the remainder when 28492 is divided by 320?
12
Calculate the remainder when 53620 is divided by 253.
237
Calculate the remainder when 4757 is divided by 669.
74
Calculate the remainder when 902 is divided by 894.
8
What is the remainder when 420876 is divided by 22?
16
Calculate the remainder when 3312 is divided by 51.
48
What is the remainder when 8067 is divided by 425?
417
What is the remainder when 2458134 is divided by 11?
8
What is the remainder when 43036 is divided by 5378?
12
What is the remainder when 37531 is divided by 36?
19
Calculate the remainder when 1904 is divided by 401.
300
What is the remainder when 39430 is divided by 95?
5
What is the remainder when 396 is divided by 76?
16
What is the remainder when 496538 is divided by 7?
0
Calculate the remainder when 2313374 is divided by 134.
132
Calculate the remainder when 28993 is divided by 90.
13
What is the remainder when 2357 is divided by 730?
167
Calculate the remainder when 3548 is divided by 879.
32
Calculate the remainder when 10832 is divided by 5416.
0
Calculate the remainder when 849 is divided by 139.
15
Calculate the remainder when 142086 is divided by 120.
6
Calculate the remainder when 4375 is divided by 4354.
21
Calculate the remainder when 14387 is divided by 7187.
13
Calculate the remainder when 1403519 is divided by 1360.
1359
Calculate the remainder when 3056 is divided by 30.
26
Calculate the remainder when 201527 is divided by 311.
310
Calculate the remainder when 159724 is divided by 1631.
1517
Calculate the remainder when 12673 is divided by 5.
3
Calculate the remainder when 6968 is divided by 995.
3
What is the remainder when 30623 is divided by 222?
209
Calculate the remainder when 15064 is divided by 753.
4
What is the remainder when 64231 is divided by 1108?
1075
Calculate the remainder when 818 is divided by 243.
89
Calculate the remainder when 7006 is divided by 43.
40
What is the remainder when 2278 is divided by 567?
10
Calculate the remainder when 53856 is divided by 10747.
121
Calculate the remainder when 460354 is divided by 53.
49
Calculate the remainder when 52697 is divided by 549.
542
Calculate the remainder when 129005 is divided by 128998.
7
Calculate the remainder when 14108 is divided by 902.
578
Calculate the remainder when 302379 is divided by 100793.
0
What is the remainder when 9663 is divided by 54?
51
What is the remainder when 4273 is divided by 51?
40
Calculate the remainder when 141073 is divided by 855.
853
What is the remainder when 592555 is divided by 9?
4
Calculate the remainder when 2547213 is divided by 9.
6
Calculate the remainder when 5135 is divided by 323.
290
Calculate the remainder when 4829 is divided by 6.
5
Calculate the remainder when 87649 is divided by 89.
73
What is the remainder when 486 is divided by 226?
34
Calculate the remainder when 918863 is divided by 108.
107
Calculate the remainder when 82494 is divided by 54.
36
What is the remainder when 10139 is divided by 3365?
44
What is the remainder when 9406 is divided by 633?
544
Calculate the remainder when 24483 is divided by 61.
22
Calculate the remainder when 302714 is divided by 1376.
1370
What is the remainder when 221623 is divided by 375?
373
Calculate the remainder when 84714 is divided by 432.
42
What is the remainder when 1657 is divided by 23?
1
Calculate the remainder when 741990 is divided by 68.
42
What is the remainder when 1391 is divided by 31?
27
Calculate the remainder when 47518 is divided by 36.
34
What is the remainder when 650416 is divided by 340?
336
Calculate the remainder when 3161 is divided by 1279.
603
Calculate the remainder when 5819 is divided by 27.
14
Calculate the remainder when 69127 is divided by 29.
20
What is the remainder when 13937 is divided by 35?
7
What is the remainder when 2311 is divided by 80?
71
Calculate the remainder when 1686 is divided by 70.
6
Calculate the remainder when 81235 is divided by 934.
911
What is the remainder when 29273 is divided by 1479?
1172
Calculate the remainder when 19508 is divided by 170.
128
What is the remainder when 3247 is divided by 328?
295
Calculate the remainder when 75911 is divided by 66.
11
What is the remainder when 49689 is divided by 12?
9
Calculate the remainder when 4862 is divided by 1213.
10
Calculate the remainder when 2871 is divided by 37.
22
Calculate the remainder when 6772 is divided by 1310.
222
What is the remainder when 5993 is divided by 494?
65
Calculate the remainder when 6577 is divided by 85.
32
Calculate the remainder when 19952 is divided by 867.
11
Calculate the remainder when 2991979 is divided by 1055.
1054
Calculate the remainder when 355260 is divided by 195.
165
What is the remainder when 711 is divided by 34?
31
Calculate the remainder when 22 is divided by 6.
4
Calculate the remainder when 936258 is divided by 7802.
18
What is the remainder when 5779 is divided by 1873?
160
What is the remainder when 7726 is divided by 7520?
206
Calculate the remainder when 4434 is divided by 64.
18
Calculate the remainder when 2900 is divided by 49.
9
Calculate the remainder when 6146 is divided by 1502.
138
Calculate the remainder when 4185 is divided by 444.
189
What is the remainder when 3365 is divided by 1861?
1504
Calculate the remainder when 827 is divided by 407.
13
Calculate the remainder when 4822 is divided by 1201.
18
What is the remainder when 88400 is divided by 172?
164
Calculate the remainder when 2703 is divided by 13.
12
What is the remainder when 8532 is divided by 1214?
34
Calculate the remainder when 3966 is divided by 282.
18
Calculate the remainder when 307 is divided by 133.
41
Calculate the remainder when 69037 is divided by 4931.
3
Calculate the remainder when 1018342 is divided by 19.
18
Calculate the remainder when 25441 is divided by 596.
409
What is the remainder when 113943 is divided by 1650?
93
Calculate the remainder when 365 is divided by 188.
177
Calculate the remainder when 1672 is divided by 153.
142
Calculate the remainder when 3050 is divided by 1006.
32
What is the remainder when 79430 is divided by 26475?
5
Calculate the remainder when 719 is divided by 345.
29
Calculate the remainder when 2527 is divided by 354.
49
Calculate the remainder when 1671 is divided by 828.
15
Calculate the remainder when 13109 is divided by 2042.
857
Calculate the remainder when 3253 is divided by 472.
421
Calculate the remainder when 9291928 is divided by 15.
13
What is the remainder when 13392 is divided by 795?
672
Calculate the remainder when 3322 is divided by 75.
22
What is the remainder when 23887 is divided by 469?
437
What is the remainder when 20224 is divided by 5055?
4
What is the remainder when 65667 is divided by 59?
0
What is the remainder when 36731 is divided by 272?
11
Calculate the remainder when 64934 is divided by 5.
4
Calculate the remainder when 83907 is divided by 20976.
3
What is the remainder when 10784 is divided by 622?
210
Calculate the remainder when 76894 is divided by 1788.
10
Calculate the remainder when 625678 is divided by 15.
13
What is the remainder when 4360 is divided by 508?
296
What is the remainder when 847965 is divided by 968?
965
Calculate the remainder when 160313 is divided by 357.
20
Calculate the remainder when 22463 is divided by 7483.
14
What is the remainder when 247750 is divided by 185?
35
Calculate the remainder when 125171 is divided by 151.
143
Calculate the remainder when 8869 is divided by 193.
184
What is the remainder when 374